{"version":"1.0","provider_name":"Escuela de fotograf\u00eda en Barcelona | DateCuenta","provider_url":"https:\/\/www.datecuenta.org\/escuelalibre","author_name":"Date Cuenta","author_url":"https:\/\/www.datecuenta.org\/escuelalibre\/author\/administrador\/","title":"Ana \u00c1lvarez-Errecalde: fotograf\u00eda art\u00edstica m\u00e1s all\u00e1 de la autobiograf\u00eda","type":"rich","width":600,"height":338,"html":"<blockquote class=\"wp-embedded-content\" data-secret=\"fXzhCR7nAN\"><a href=\"https:\/\/www.datecuenta.org\/escuelalibre\/ana-alvarez-errecalde-fotografia-artistica\/\">Ana \u00c1lvarez-Errecalde: fotograf\u00eda art\u00edstica m\u00e1s all\u00e1 de la autobiograf\u00eda<\/a><\/blockquote><iframe sandbox=\"allow-scripts\" security=\"restricted\" src=\"https:\/\/www.datecuenta.org\/escuelalibre\/ana-alvarez-errecalde-fotografia-artistica\/embed\/#?secret=fXzhCR7nAN\" width=\"600\" height=\"338\" title=\"\u00abAna \u00c1lvarez-Errecalde: fotograf\u00eda art\u00edstica m\u00e1s all\u00e1 de la autobiograf\u00eda\u00bb \u2014 Escuela de fotograf\u00eda en Barcelona | DateCuenta\" data-secret=\"fXzhCR7nAN\" frameborder=\"0\" marginwidth=\"0\" marginheight=\"0\" scrolling=\"no\" class=\"wp-embedded-content\"><\/iframe><script type=\"text\/javascript\">\n\/* <![CDATA[ *\/\n\/*! This file is auto-generated *\/\n!function(d,l){\"use strict\";l.querySelector&&d.addEventListener&&\"undefined\"!=typeof URL&&(d.wp=d.wp||{},d.wp.receiveEmbedMessage||(d.wp.receiveEmbedMessage=function(e){var t=e.data;if((t||t.secret||t.message||t.value)&&!\/[^a-zA-Z0-9]\/.test(t.secret)){for(var s,r,n,a=l.querySelectorAll('iframe[data-secret=\"'+t.secret+'\"]'),o=l.querySelectorAll('blockquote[data-secret=\"'+t.secret+'\"]'),c=new RegExp(\"^https?:$\",\"i\"),i=0;i<o.length;i++)o[i].style.display=\"none\";for(i=0;i<a.length;i++)s=a[i],e.source===s.contentWindow&&(s.removeAttribute(\"style\"),\"height\"===t.message?(1e3<(r=parseInt(t.value,10))?r=1e3:~~r<200&&(r=200),s.height=r):\"link\"===t.message&&(r=new URL(s.getAttribute(\"src\")),n=new URL(t.value),c.test(n.protocol))&&n.host===r.host&&l.activeElement===s&&(d.top.location.href=t.value))}},d.addEventListener(\"message\",d.wp.receiveEmbedMessage,!1),l.addEventListener(\"DOMContentLoaded\",function(){for(var e,t,s=l.querySelectorAll(\"iframe.wp-embedded-content\"),r=0;r<s.length;r++)(t=(e=s[r]).getAttribute(\"data-secret\"))||(t=Math.random().toString(36).substring(2,12),e.src+=\"#?secret=\"+t,e.setAttribute(\"data-secret\",t)),e.contentWindow.postMessage({message:\"ready\",secret:t},\"*\")},!1)))}(window,document);\n\/\/# sourceURL=https:\/\/www.datecuenta.org\/escuelalibre\/wp-includes\/js\/wp-embed.min.js\n\/* ]]> *\/\n<\/script>\n","thumbnail_url":"https:\/\/www.datecuenta.org\/escuelalibre\/wp-content\/uploads\/2019\/09\/El-nacimiento-de-mi-hija-Ana-Alvarez-Errecalde-2.jpg","thumbnail_width":791,"thumbnail_height":533,"description":"Si buscamos en Google \u2018parto\u2019 las primeras im\u00e1genes que nos aparecen son mujeres estiradas con las piernas en alto, vestidas con batas verdes, rodeadas de una manada de m\u00e9dicos dando ordenes. Seguramente, estas im\u00e1genes son tambi\u00e9n las que nos vienen a la cabeza cuando pensamos en un nacimiento. Son las im\u00e1genes que el cine y [&hellip;]"}

Escuela de fotografía en Barcelona | DateCuenta

Ana Álvarez-Errecalde: fotografía artística más allá de la autobiografía

<blockquote class="wp-embedded-content" data-secret="fXzhCR7nAN"><a href="https://www.datecuenta.org/escuelalibre/ana-alvarez-errecalde-fotografia-artistica/">Ana Álvarez-Errecalde: fotografía artística más allá de la autobiografía</a></blockquote><iframe sandbox="allow-scripts" security="restricted" src="https://www.datecuenta.org/escuelalibre/ana-alvarez-errecalde-fotografia-artistica/embed/#?secret=fXzhCR7nAN" width="600" height="338" title="«Ana Álvarez-Errecalde: fotografía artística más allá de la autobiografía» — Escuela de fotografía en Barcelona | DateCuenta" data-secret="fXzhCR7nAN" frameborder="0" marginwidth="0" marginheight="0" scrolling="no" class="wp-embedded-content"></iframe><script type="text/javascript">
/* <![CDATA[ */
/*! This file is auto-generated */
!function(d,l){"use strict";l.querySelector&&d.addEventListener&&"undefined"!=typeof URL&&(d.wp=d.wp||{},d.wp.receiveEmbedMessage||(d.wp.receiveEmbedMessage=function(e){var t=e.data;if((t||t.secret||t.message||t.value)&&!/[^a-zA-Z0-9]/.test(t.secret)){for(var s,r,n,a=l.querySelectorAll('iframe[data-secret="'+t.secret+'"]'),o=l.querySelectorAll('blockquote[data-secret="'+t.secret+'"]'),c=new RegExp("^https?:$","i"),i=0;i<o.length;i++)o[i].style.display="none";for(i=0;i<a.length;i++)s=a[i],e.source===s.contentWindow&&(s.removeAttribute("style"),"height"===t.message?(1e3<(r=parseInt(t.value,10))?r=1e3:~~r<200&&(r=200),s.height=r):"link"===t.message&&(r=new URL(s.getAttribute("src")),n=new URL(t.value),c.test(n.protocol))&&n.host===r.host&&l.activeElement===s&&(d.top.location.href=t.value))}},d.addEventListener("message",d.wp.receiveEmbedMessage,!1),l.addEventListener("DOMContentLoaded",function(){for(var e,t,s=l.querySelectorAll("iframe.wp-embedded-content"),r=0;r<s.length;r++)(t=(e=s[r]).getAttribute("data-secret"))||(t=Math.random().toString(36).substring(2,12),e.src+="#?secret="+t,e.setAttribute("data-secret",t)),e.contentWindow.postMessage({message:"ready",secret:t},"*")},!1)))}(window,document);
//# sourceURL=https://www.datecuenta.org/escuelalibre/wp-includes/js/wp-embed.min.js
/* ]]> */
</script>

Si buscamos en Google ‘parto’ las primeras imágenes que nos aparecen son mujeres estiradas con las piernas en alto, vestidas con batas verdes, rodeadas de una manada de médicos dando ordenes. Seguramente, estas imágenes son también las que nos vienen a la cabeza cuando pensamos en un nacimiento. Son las imágenes que el cine y [&hellip;]
