{"id":1053,"date":"2014-09-10T08:28:24","date_gmt":"2014-09-10T08:28:24","guid":{"rendered":"http:\/\/www.datecuenta.org\/escuelalibre\/wp-content\/uploads\/aula-tratamiento-digital-diseno-grafico-barcelona.jpg"},"modified":"2014-09-10T08:28:46","modified_gmt":"2014-09-10T08:28:46","slug":"aula-tratamiento-digital-diseno-grafico-barcelona","status":"inherit","type":"attachment","link":"https:\/\/www.datecuenta.org\/escuelalibre\/la-escuela\/aula-tratamiento-digital-diseno-grafico-barcelona\/","title":{"rendered":"aula-tratamiento-digital-diseno-grafico-barcelona"},"author":1001003,"featured_media":0,"comment_status":"closed","ping_status":"closed","template":"","meta":{"_et_pb_use_builder":"","_et_pb_old_content":"","_et_gb_content_width":"","content-type":"","_monsterinsights_skip_tracking":false,"_monsterinsights_sitenote_active":false,"_monsterinsights_sitenote_note":"","_monsterinsights_sitenote_category":0},"class_list":["post-1053","attachment","type-attachment","status-inherit","hentry"],"yoast_head":"<!-- This site is optimized with the Yoast SEO plugin v26.9 - https:\/\/yoast.com\/product\/yoast-seo-wordpress\/ -->\n<title>aula-tratamiento-digital-diseno-grafico-barcelona - Escuela de fotograf\u00eda en Barcelona | DateCuenta<\/title>\n<meta name=\"robots\" content=\"index, follow, max-snippet:-1, max-image-preview:large, max-video-preview:-1\" \/>\n<link rel=\"canonical\" href=\"https:\/\/www.datecuenta.org\/escuelalibre\/wp-content\/uploads\/aula-tratamiento-digital-diseno-grafico-barcelona.jpg\" \/>\n<meta property=\"og:locale\" content=\"es_ES\" \/>\n<meta property=\"og:type\" content=\"article\" \/>\n<meta property=\"og:title\" content=\"aula-tratamiento-digital-diseno-grafico-barcelona - Escuela de fotograf\u00eda en Barcelona | DateCuenta\" \/>\n<meta property=\"og:description\" content=\"Aula del curso tratamiento digital y dise\u00f1o gr\u00e1fico.\" \/>\n<meta property=\"og:url\" content=\"https:\/\/www.datecuenta.org\/escuelalibre\/wp-content\/uploads\/aula-tratamiento-digital-diseno-grafico-barcelona.jpg\" \/>\n<meta property=\"og:site_name\" content=\"Escuela de fotograf\u00eda en Barcelona | DateCuenta\" \/>\n<meta property=\"article:modified_time\" content=\"2014-09-10T08:28:46+00:00\" \/>\n<meta property=\"og:image\" content=\"https:\/\/www.datecuenta.org\/escuelalibre\/wp-content\/uploads\/aula-tratamiento-digital-diseno-grafico-barcelona.jpg\" \/>\n\t<meta property=\"og:image:width\" content=\"800\" \/>\n\t<meta property=\"og:image:height\" content=\"581\" \/>\n\t<meta property=\"og:image:type\" content=\"image\/jpeg\" \/>\n<meta name=\"twitter:card\" content=\"summary_large_image\" \/>\n<script type=\"application\/ld+json\" class=\"yoast-schema-graph\">{\"@context\":\"https:\/\/schema.org\",\"@graph\":[{\"@type\":\"WebPage\",\"@id\":\"https:\/\/www.datecuenta.org\/escuelalibre\/wp-content\/uploads\/aula-tratamiento-digital-diseno-grafico-barcelona.jpg\",\"url\":\"https:\/\/www.datecuenta.org\/escuelalibre\/wp-content\/uploads\/aula-tratamiento-digital-diseno-grafico-barcelona.jpg\",\"name\":\"aula-tratamiento-digital-diseno-grafico-barcelona - Escuela de fotograf\u00eda en Barcelona | DateCuenta\",\"isPartOf\":{\"@id\":\"https:\/\/www.datecuenta.org\/escuelalibre\/#website\"},\"datePublished\":\"2014-09-10T08:28:24+00:00\",\"dateModified\":\"2014-09-10T08:28:46+00:00\",\"breadcrumb\":{\"@id\":\"https:\/\/www.datecuenta.org\/escuelalibre\/wp-content\/uploads\/aula-tratamiento-digital-diseno-grafico-barcelona.jpg#breadcrumb\"},\"inLanguage\":\"es\",\"potentialAction\":[{\"@type\":\"ReadAction\",\"target\":[\"https:\/\/www.datecuenta.org\/escuelalibre\/wp-content\/uploads\/aula-tratamiento-digital-diseno-grafico-barcelona.jpg\"]}]},{\"@type\":\"BreadcrumbList\",\"@id\":\"https:\/\/www.datecuenta.org\/escuelalibre\/wp-content\/uploads\/aula-tratamiento-digital-diseno-grafico-barcelona.jpg#breadcrumb\",\"itemListElement\":[{\"@type\":\"ListItem\",\"position\":1,\"name\":\"Portada\",\"item\":\"https:\/\/www.datecuenta.org\/escuelalibre\/\"},{\"@type\":\"ListItem\",\"position\":2,\"name\":\"ESCUELA\",\"item\":\"https:\/\/www.datecuenta.org\/escuelalibre\/la-escuela\/\"},{\"@type\":\"ListItem\",\"position\":3,\"name\":\"aula-tratamiento-digital-diseno-grafico-barcelona\"}]},{\"@type\":\"WebSite\",\"@id\":\"https:\/\/www.datecuenta.org\/escuelalibre\/#website\",\"url\":\"https:\/\/www.datecuenta.org\/escuelalibre\/\",\"name\":\"Escuela de fotograf\u00eda en Barcelona | DateCuenta\",\"description\":\"\",\"potentialAction\":[{\"@type\":\"SearchAction\",\"target\":{\"@type\":\"EntryPoint\",\"urlTemplate\":\"https:\/\/www.datecuenta.org\/escuelalibre\/?s={search_term_string}\"},\"query-input\":{\"@type\":\"PropertyValueSpecification\",\"valueRequired\":true,\"valueName\":\"search_term_string\"}}],\"inLanguage\":\"es\"}]}<\/script>\n<!-- \/ Yoast SEO plugin. -->","yoast_head_json":{"title":"aula-tratamiento-digital-diseno-grafico-barcelona - Escuela de fotograf\u00eda en Barcelona | DateCuenta","robots":{"index":"index","follow":"follow","max-snippet":"max-snippet:-1","max-image-preview":"max-image-preview:large","max-video-preview":"max-video-preview:-1"},"canonical":"https:\/\/www.datecuenta.org\/escuelalibre\/wp-content\/uploads\/aula-tratamiento-digital-diseno-grafico-barcelona.jpg","og_locale":"es_ES","og_type":"article","og_title":"aula-tratamiento-digital-diseno-grafico-barcelona - Escuela de fotograf\u00eda en Barcelona | DateCuenta","og_description":"Aula del curso tratamiento digital y dise\u00f1o gr\u00e1fico.","og_url":"https:\/\/www.datecuenta.org\/escuelalibre\/wp-content\/uploads\/aula-tratamiento-digital-diseno-grafico-barcelona.jpg","og_site_name":"Escuela de fotograf\u00eda en Barcelona | DateCuenta","article_modified_time":"2014-09-10T08:28:46+00:00","og_image":[{"width":800,"height":581,"url":"https:\/\/www.datecuenta.org\/escuelalibre\/wp-content\/uploads\/aula-tratamiento-digital-diseno-grafico-barcelona.jpg","type":"image\/jpeg"}],"twitter_card":"summary_large_image","schema":{"@context":"https:\/\/schema.org","@graph":[{"@type":"WebPage","@id":"https:\/\/www.datecuenta.org\/escuelalibre\/wp-content\/uploads\/aula-tratamiento-digital-diseno-grafico-barcelona.jpg","url":"https:\/\/www.datecuenta.org\/escuelalibre\/wp-content\/uploads\/aula-tratamiento-digital-diseno-grafico-barcelona.jpg","name":"aula-tratamiento-digital-diseno-grafico-barcelona - Escuela de fotograf\u00eda en Barcelona | DateCuenta","isPartOf":{"@id":"https:\/\/www.datecuenta.org\/escuelalibre\/#website"},"datePublished":"2014-09-10T08:28:24+00:00","dateModified":"2014-09-10T08:28:46+00:00","breadcrumb":{"@id":"https:\/\/www.datecuenta.org\/escuelalibre\/wp-content\/uploads\/aula-tratamiento-digital-diseno-grafico-barcelona.jpg#breadcrumb"},"inLanguage":"es","potentialAction":[{"@type":"ReadAction","target":["https:\/\/www.datecuenta.org\/escuelalibre\/wp-content\/uploads\/aula-tratamiento-digital-diseno-grafico-barcelona.jpg"]}]},{"@type":"BreadcrumbList","@id":"https:\/\/www.datecuenta.org\/escuelalibre\/wp-content\/uploads\/aula-tratamiento-digital-diseno-grafico-barcelona.jpg#breadcrumb","itemListElement":[{"@type":"ListItem","position":1,"name":"Portada","item":"https:\/\/www.datecuenta.org\/escuelalibre\/"},{"@type":"ListItem","position":2,"name":"ESCUELA","item":"https:\/\/www.datecuenta.org\/escuelalibre\/la-escuela\/"},{"@type":"ListItem","position":3,"name":"aula-tratamiento-digital-diseno-grafico-barcelona"}]},{"@type":"WebSite","@id":"https:\/\/www.datecuenta.org\/escuelalibre\/#website","url":"https:\/\/www.datecuenta.org\/escuelalibre\/","name":"Escuela de fotograf\u00eda en Barcelona | DateCuenta","description":"","potentialAction":[{"@type":"SearchAction","target":{"@type":"EntryPoint","urlTemplate":"https:\/\/www.datecuenta.org\/escuelalibre\/?s={search_term_string}"},"query-input":{"@type":"PropertyValueSpecification","valueRequired":true,"valueName":"search_term_string"}}],"inLanguage":"es"}]}},"description":{"rendered":"<p class=\"attachment\"><a href='https:\/\/www.datecuenta.org\/escuelalibre\/wp-content\/uploads\/aula-tratamiento-digital-diseno-grafico-barcelona.jpg'><img loading=\"lazy\" decoding=\"async\" width=\"300\" height=\"217\" src=\"https:\/\/www.datecuenta.org\/escuelalibre\/wp-content\/uploads\/aula-tratamiento-digital-diseno-grafico-barcelona-300x217.jpg\" class=\"attachment-medium size-medium\" alt=\"\" srcset=\"https:\/\/www.datecuenta.org\/escuelalibre\/wp-content\/uploads\/aula-tratamiento-digital-diseno-grafico-barcelona-300x217.jpg 300w, https:\/\/www.datecuenta.org\/escuelalibre\/wp-content\/uploads\/aula-tratamiento-digital-diseno-grafico-barcelona.jpg 800w\" sizes=\"(max-width: 300px) 100vw, 300px\" \/><\/a><\/p>\n"},"caption":{"rendered":"<p>Aula del curso tratamiento digital y dise\u00f1o gr\u00e1fico.<\/p>\n"},"alt_text":"","media_type":"image","mime_type":"image\/jpeg","media_details":{"width":800,"height":581,"file":"aula-tratamiento-digital-diseno-grafico-barcelona.jpg","sizes":{"thumbnail":{"file":"aula-tratamiento-digital-diseno-grafico-barcelona-220x220.jpg","width":220,"height":220,"mime_type":"image\/jpeg","source_url":"https:\/\/www.datecuenta.org\/escuelalibre\/wp-content\/uploads\/aula-tratamiento-digital-diseno-grafico-barcelona-220x220.jpg"},"medium":{"file":"aula-tratamiento-digital-diseno-grafico-barcelona-300x217.jpg","width":300,"height":217,"mime_type":"image\/jpeg","source_url":"https:\/\/www.datecuenta.org\/escuelalibre\/wp-content\/uploads\/aula-tratamiento-digital-diseno-grafico-barcelona-300x217.jpg"},"post-thumbnail":{"file":"aula-tratamiento-digital-diseno-grafico-barcelona-100x100.jpg","width":100,"height":100,"mime_type":"image\/jpeg","source_url":"https:\/\/www.datecuenta.org\/escuelalibre\/wp-content\/uploads\/aula-tratamiento-digital-diseno-grafico-barcelona-100x100.jpg"},"md_post_thumb_large":{"file":"aula-tratamiento-digital-diseno-grafico-barcelona-460x350.jpg","width":460,"height":350,"mime_type":"image\/jpeg","source_url":"https:\/\/www.datecuenta.org\/escuelalibre\/wp-content\/uploads\/aula-tratamiento-digital-diseno-grafico-barcelona-460x350.jpg"},"md_post_thumb_medium":{"file":"aula-tratamiento-digital-diseno-grafico-barcelona-300x100.jpg","width":300,"height":100,"mime_type":"image\/jpeg","source_url":"https:\/\/www.datecuenta.org\/escuelalibre\/wp-content\/uploads\/aula-tratamiento-digital-diseno-grafico-barcelona-300x100.jpg"},"md_post_thumb_small":{"file":"aula-tratamiento-digital-diseno-grafico-barcelona-220x170.jpg","width":220,"height":170,"mime_type":"image\/jpeg","source_url":"https:\/\/www.datecuenta.org\/escuelalibre\/wp-content\/uploads\/aula-tratamiento-digital-diseno-grafico-barcelona-220x170.jpg"},"md_post_thumb_portrait":{"file":"aula-tratamiento-digital-diseno-grafico-barcelona-300x420.jpg","width":300,"height":420,"mime_type":"image\/jpeg","source_url":"https:\/\/www.datecuenta.org\/escuelalibre\/wp-content\/uploads\/aula-tratamiento-digital-diseno-grafico-barcelona-300x420.jpg"},"full":{"file":"aula-tratamiento-digital-diseno-grafico-barcelona.jpg","width":800,"height":581,"mime_type":"image\/jpeg","source_url":"https:\/\/www.datecuenta.org\/escuelalibre\/wp-content\/uploads\/aula-tratamiento-digital-diseno-grafico-barcelona.jpg"}},"image_meta":{"aperture":0,"credit":"","camera":"","caption":"","created_timestamp":0,"copyright":"","focal_length":0,"iso":0,"shutter_speed":0,"title":"","orientation":0}},"post":261,"source_url":"https:\/\/www.datecuenta.org\/escuelalibre\/wp-content\/uploads\/aula-tratamiento-digital-diseno-grafico-barcelona.jpg","_links":{"self":[{"href":"https:\/\/www.datecuenta.org\/escuelalibre\/wp-json\/wp\/v2\/media\/1053","targetHints":{"allow":["GET"]}}],"collection":[{"href":"https:\/\/www.datecuenta.org\/escuelalibre\/wp-json\/wp\/v2\/media"}],"about":[{"href":"https:\/\/www.datecuenta.org\/escuelalibre\/wp-json\/wp\/v2\/types\/attachment"}],"author":[{"embeddable":true,"href":"https:\/\/www.datecuenta.org\/escuelalibre\/wp-json\/wp\/v2\/users\/1001003"}],"replies":[{"embeddable":true,"href":"https:\/\/www.datecuenta.org\/escuelalibre\/wp-json\/wp\/v2\/comments?post=1053"}],"wp:attached-to":[{"embeddable":true,"post_type":"page","id":261,"href":"https:\/\/www.datecuenta.org\/escuelalibre\/wp-json\/wp\/v2\/pages\/261"}],"curies":[{"name":"wp","href":"https:\/\/api.w.org\/{rel}","templated":true}]}}

<!-- This site is optimized with the Yoast SEO plugin v26.9 - https://yoast.com/product/yoast-seo-wordpress/ -->
<title>aula-tratamiento-digital-diseno-grafico-barcelona - Escuela de fotografía en Barcelona | DateCuenta</title>
<meta name="robots" content="index, follow, max-snippet:-1, max-image-preview:large, max-video-preview:-1" />
<link rel="canonical" href="https://www.datecuenta.org/escuelalibre/wp-content/uploads/aula-tratamiento-digital-diseno-grafico-barcelona.jpg" />
<meta property="og:locale" content="es_ES" />
<meta property="og:type" content="article" />
<meta property="og:title" content="aula-tratamiento-digital-diseno-grafico-barcelona - Escuela de fotografía en Barcelona | DateCuenta" />
<meta property="og:description" content="Aula del curso tratamiento digital y diseño gráfico." />
<meta property="og:url" content="https://www.datecuenta.org/escuelalibre/wp-content/uploads/aula-tratamiento-digital-diseno-grafico-barcelona.jpg" />
<meta property="og:site_name" content="Escuela de fotografía en Barcelona | DateCuenta" />
<meta property="article:modified_time" content="2014-09-10T08:28:46+00:00" />
<meta property="og:image" content="https://www.datecuenta.org/escuelalibre/wp-content/uploads/aula-tratamiento-digital-diseno-grafico-barcelona.jpg" />
	<meta property="og:image:width" content="800" />
	<meta property="og:image:height" content="581" />
	<meta property="og:image:type" content="image/jpeg" />
<meta name="twitter:card" content="summary_large_image" />
<script type="application/ld+json" class="yoast-schema-graph">{"@context":"https://schema.org","@graph":[{"@type":"WebPage","@id":"https://www.datecuenta.org/escuelalibre/wp-content/uploads/aula-tratamiento-digital-diseno-grafico-barcelona.jpg","url":"https://www.datecuenta.org/escuelalibre/wp-content/uploads/aula-tratamiento-digital-diseno-grafico-barcelona.jpg","name":"aula-tratamiento-digital-diseno-grafico-barcelona - Escuela de fotografía en Barcelona | DateCuenta","isPartOf":{"@id":"https://www.datecuenta.org/escuelalibre/#website"},"datePublished":"2014-09-10T08:28:24+00:00","dateModified":"2014-09-10T08:28:46+00:00","breadcrumb":{"@id":"https://www.datecuenta.org/escuelalibre/wp-content/uploads/aula-tratamiento-digital-diseno-grafico-barcelona.jpg#breadcrumb"},"inLanguage":"es","potentialAction":[{"@type":"ReadAction","target":["https://www.datecuenta.org/escuelalibre/wp-content/uploads/aula-tratamiento-digital-diseno-grafico-barcelona.jpg"]}]},{"@type":"BreadcrumbList","@id":"https://www.datecuenta.org/escuelalibre/wp-content/uploads/aula-tratamiento-digital-diseno-grafico-barcelona.jpg#breadcrumb","itemListElement":[{"@type":"ListItem","position":1,"name":"Portada","item":"https://www.datecuenta.org/escuelalibre/"},{"@type":"ListItem","position":2,"name":"ESCUELA","item":"https://www.datecuenta.org/escuelalibre/la-escuela/"},{"@type":"ListItem","position":3,"name":"aula-tratamiento-digital-diseno-grafico-barcelona"}]},{"@type":"WebSite","@id":"https://www.datecuenta.org/escuelalibre/#website","url":"https://www.datecuenta.org/escuelalibre/","name":"Escuela de fotografía en Barcelona | DateCuenta","description":"","potentialAction":[{"@type":"SearchAction","target":{"@type":"EntryPoint","urlTemplate":"https://www.datecuenta.org/escuelalibre/?s={search_term_string}"},"query-input":{"@type":"PropertyValueSpecification","valueRequired":true,"valueName":"search_term_string"}}],"inLanguage":"es"}]}</script>
<!-- / Yoast SEO plugin. -->

aula-tratamiento-digital-diseno-grafico-barcelona - Escuela de fotografía en Barcelona | DateCuenta

Aula del curso tratamiento digital y diseño gráfico.

Escuela de fotografía en Barcelona | DateCuenta

<p>Aula del curso tratamiento digital y diseño gráfico.</p>
